and 74.
74
Calculate the greatest common divisor of 96 and 84.
12
Calculate the greatest common divisor of 3757 and 884.
221
Calculate the greatest common factor of 108 and 2160.
108
What is the highest common factor of 201 and 12?
3
What is the greatest common factor of 14 and 119?
7
Calculate the highest common factor of 2352 and 48.
48
Calculate the highest common factor of 9 and 6.
3
Calculate the greatest common divisor of 4 and 514.
2
Calculate the greatest common divisor of 260 and 1612.
52
What is the greatest common factor of 84 and 105?
21
What is the highest common factor of 1790 and 10?
10
What is the greatest common divisor of 2253 and 3?
3
Calculate the highest common factor of 950 and 150.
50
What is the greatest common factor of 17 and 1?
1
Calculate the highest common divisor of 3168 and 1089.
99
Calculate the highest common factor of 84 and 91.
7
Calculate the highest common divisor of 4000 and 16.
16
Calculate the greatest common factor of 6 and 6.
6
What is the greatest common divisor of 330 and 3135?
165
Calculate the highest common divisor of 56 and 72.
8
Calculate the greatest common factor of 1665 and 10.
5
Calculate the highest common factor of 4033 and 436.
109
Calculate the greatest common factor of 7 and 1.
1
Calculate the greatest common factor of 380 and 2432.
76
Calculate the highest common factor of 533 and 13.
13
What is the highest common factor of 144 and 2?
2
What is the highest common divisor of 231 and 10549?
77
Calculate the greatest common factor of 100 and 64.
4
Calculate the greatest common factor of 40 and 152.
8
What is the highest common divisor of 495 and 1305?
45
What is the highest common divisor of 2112 and 66?
66
Calculate the highest common divisor of 516 and 5289.
129
What is the highest common divisor of 3162 and 279?
93
What is the greatest common factor of 119 and 272?
17
Calculate the greatest common divisor of 34 and 6.
2
What is the greatest common factor of 756 and 5832?
108
Calculate the greatest common divisor of 34 and 306.
34
What is the greatest common factor of 20 and 15310?
10
What is the greatest common divisor of 32 and 32?
32
What is the highest common divisor of 6441 and 1017?
339
Calculate the highest common divisor of 30 and 103710.
30
What is the greatest common divisor of 9 and 3789?
9
Calculate the highest common factor of 43 and 344.
43
What is the greatest common factor of 2622 and 1368?
114
What is the highest common divisor of 3302 and 26?
26
Calculate the highest common factor of 20 and 1290.
10
Calculate the greatest common divisor of 125 and 100.
25
What is the greatest common divisor of 4725 and 135?
135
Calculate the greatest common factor of 48 and 972.
12
Calculate the greatest common factor of 24 and 264.
24
Calculate the highest common divisor of 516 and 12.
12
What is the greatest common divisor of 340 and 3332?
68
What is the highest common factor of 815 and 5?
5
Calculate the greatest common divisor of 52 and 52.
52
Calculate the highest common factor of 68 and 34.
34
What is the highest common divisor of 48 and 384?
48
What is the highest common factor of 195 and 78?
39
What is the highest common factor of 1326 and 24?
6
Calculate the highest common factor of 319 and 11.
11
What is the highest common factor of 168 and 616?
56
What is the highest common divisor of 240 and 8?
8
What is the greatest common divisor of 7 and 64?
1
What is the greatest common divisor of 35 and 77?
7
What is the greatest common divisor of 88 and 2497?
11
What is the highest common divisor of 44 and 286?
22
Calculate the greatest common divisor of 58181 and 73.
73
Calculate the greatest common factor of 566 and 24621.
283
Calculate the highest common divisor of 12 and 126.
6
What is the highest common factor of 44 and 41558?
22
What is the greatest common divisor of 92 and 4324?
92
Calculate the highest common factor of 1152 and 128.
128
Calculate the greatest common factor of 583 and 4452.
53
Calculate the greatest common divisor of 924 and 4956.
84
What is the highest common factor of 16 and 752?
16
Calculate the highest common divisor of 3 and 33.
3
What is the greatest common factor of 24 and 24?
24
Calculate the greatest common divisor of 18 and 62640.
18
What is the highest common divisor of 15 and 60?
15
What is the highest common divisor of 26 and 8?
2
Calculate the greatest common divisor of 171 and 5985.
171
What is the greatest common divisor of 234 and 144?
18
Calculate the highest common divisor of 11 and 21263.
11
What is the greatest common divisor of 35 and 1085?
35
What is the greatest common factor of 14 and 2?
2
What is the highest common factor of 110 and 682?
22
Calculate the greatest common divisor of 8393 and 77.
77
Calculate the greatest common divisor of 1037 and 305.
61
What is the highest common factor of 675 and 95?
5
What is the greatest common divisor of 189 and 38556?
189
Calculate the greatest common factor of 22 and 1254.
22
Calculate the greatest common divisor of 48 and 672.
48
Calculate the highest common factor of 7392 and 96.
96
What is the greatest common factor of 13 and 13?
13
Calculate the greatest common factor of 339 and 3.
3
What is the greatest common factor of 47 and 1457?
47
What is the highest common divisor of 86 and 5?
1
Calculate the greatest common factor of 33 and 528.
33
What is the highest common factor of 1280 and 384?
128
Calculate the greatest common factor of 11 and 979.
11
Calculate the greatest common factor of 11 and 484.
11
What is the greatest common divisor of 470 and 10?
10
Calculate the greatest common divisor of 48 and 6456.
24
What is the highest common factor of 63 and 117?
9
Calculate the highest common factor of 1 and 243.
1
What is the greatest common factor of 8 and 440?
8
Calculate the greatest common divisor of 304 and 32.
16
What is the greatest common factor of 416 and 650?
26
Calculate the highest common divisor of 575 and 25.
25
What is the highest common divisor of 469 and 7?
7
Calculate the greatest common divisor of 41 and 1.
1
What is the greatest common factor of 549 and 36?
9
What is the highest common factor of 34 and 374?
34
Calculate the greatest common divisor of 680 and 80.
40
What is the greatest common divisor of 8 and 2?
2
Calculate the greatest common factor of 100 and 440.
20
What is the greatest common factor of 244 and 6893?
61
What is the highest common divisor of 124 and 4?
4
What is the greatest common divisor of 905 and 10?
5
What is the greatest common factor of 3584 and 64?
64
Calculate the highest common factor of 3675 and 588.
147
What is the highest common factor of 119 and 154?
7
Calculate the highest common factor of 420 and 36.
12
Calculate the greatest common factor of 21564 and 36.
36
Calculate the highest common factor of 9222 and 53.
53
What is the highest common divisor of 31 and 19?
1
Calculate the highest common divisor of 18 and 954.
18
Calculate the greatest common divisor of 9252 and 24.
12
What is the highest common factor of 791 and 7?
7
Calculate the greatest common factor of 24601 and 73.
73
Calculate the highest common divisor of 9 and 147.
3
What is the highest common factor of 125 and 225?
25
Calculate the highest common factor of 66 and 510.
6
What is the highest common divisor of 2 and 34?
2
Calculate the highest common divisor of 1501 and 19.
19
What is the highest common factor of 94051 and 163?
163
What is the highest common divisor of 4 and 6388?
4
Calculate the greatest common factor of 2952 and 576.
72
What is the highest common divisor of 45 and 5085?
45
What is the highest common factor of 48 and 43056?
48
Calculate the highest common divisor of 231 and 35.
7
What is the highest common factor of 24 and 96?
24
What is the highest common factor of 171 and 57?
57
What is the greatest common divisor of 44 and 220?
44
Calculate the greatest common divisor of 1544 and 16.
8
Calculate the highest common divisor of 14612 and 156.
52
Calculate the greatest common factor of 50 and 4640.
10
Calculate the highest common divisor of 1148 and 2128.
28
What is the highest common divisor of 345 and 615?
15
What is the greatest common divisor of 154 and 56?
14
Calculate the greatest common divisor of 105 and 55.
5
Calculate the highest common divisor of 3